{"id":402,"date":"2022-11-10T19:52:32","date_gmt":"2022-11-10T19:52:32","guid":{"rendered":"http:\/\/www.cimat.ues.edu.sv\/academica\/?page_id=402"},"modified":"2022-11-29T20:32:42","modified_gmt":"2022-11-29T20:32:42","slug":"retiro-de-estudiantes-2","status":"publish","type":"page","link":"https:\/\/naturales.ues.edu.sv\/academica\/retiro-de-estudiantes-2\/","title":{"rendered":"Retiro de estudiantes"},"content":{"rendered":"\n<h2 class=\"wp-block-heading\">Retiro de Oficial de Estudiante<\/h2>\n\n\n\n<p>Pasos:<\/p>\n\n\n\n<ol class=\"wp-block-list\">\n<li>Solicitar autorizaci\u00f3n de retiro oficial en la Administraci\u00f3n Acad\u00e9mica de la Facultad correspondiente<\/li>\n\n\n\n<li>Presentar el comprobante de haber cancelado las cuotas de escolaridad hasta el mes en que efect\u00fae el retiro oficial<\/li>\n<\/ol>\n\n\n\n<div class=\"wp-block-uagb-inline-notice uagb-inline_notice__align-left uagb-block-ec561eae\"><h4 class=\"uagb-notice-title\">Importante<\/h4><div class=\"uagb-notice-text\"><p><em>El estudiante podr\u00e1 realizar el retiro oficial, dentro del per\u00edodo que se establezca, en el calendario de actividades Acad\u00e9micas &#8211; Administrativas.<\/em><\/p><p><em>La Administraci\u00f3n Acad\u00e9mica de la Facultad, proceder\u00e1 a desinscribir, las unidades de aprendizaje inscritas, del estudiante que realice su retiro oficial.<\/em><\/p><\/div><\/div>\n","protected":false},"excerpt":{"rendered":"<p>Retiro de Oficial de Estudiante Pasos:<\/p>\n","protected":false},"author":3,"featured_media":0,"parent":0,"menu_order":0,"comment_status":"closed","ping_status":"closed","template":"","meta":{"saved_in_kubio":false,"footnotes":""},"class_list":["post-402","page","type-page","status-publish","hentry"],"kubio_ai_page_context":{"short_desc":"","purpose":"general"},"_links":{"self":[{"href":"https:\/\/naturales.ues.edu.sv\/academica\/wp-json\/wp\/v2\/pages\/402","targetHints":{"allow":["GET"]}}],"collection":[{"href":"https:\/\/naturales.ues.edu.sv\/academica\/wp-json\/wp\/v2\/pages"}],"about":[{"href":"https:\/\/naturales.ues.edu.sv\/academica\/wp-json\/wp\/v2\/types\/page"}],"author":[{"embeddable":true,"href":"https:\/\/naturales.ues.edu.sv\/academica\/wp-json\/wp\/v2\/users\/3"}],"replies":[{"embeddable":true,"href":"https:\/\/naturales.ues.edu.sv\/academica\/wp-json\/wp\/v2\/comments?post=402"}],"version-history":[{"count":2,"href":"https:\/\/naturales.ues.edu.sv\/academica\/wp-json\/wp\/v2\/pages\/402\/revisions"}],"predecessor-version":[{"id":553,"href":"https:\/\/naturales.ues.edu.sv\/academica\/wp-json\/wp\/v2\/pages\/402\/revisions\/553"}],"wp:attachment":[{"href":"https:\/\/naturales.ues.edu.sv\/academica\/wp-json\/wp\/v2\/media?parent=402"}],"curies":[{"name":"wp","href":"https:\/\/api.w.org\/{rel}","templated":true}]}}

<h2 class="wp-block-heading">Retiro de Oficial de Estudiante</h2>



<p>Pasos:</p>



<ol class="wp-block-list">
<li>Solicitar autorización de retiro oficial en la Administración Académica de la Facultad correspondiente</li>



<li>Presentar el comprobante de haber cancelado las cuotas de escolaridad hasta el mes en que efectúe el retiro oficial</li>
</ol>



<div class="wp-block-uagb-inline-notice uagb-inline_notice__align-left uagb-block-ec561eae"><h4 class="uagb-notice-title">Importante</h4><div class="uagb-notice-text"><p><em>El estudiante podrá realizar el retiro oficial, dentro del período que se establezca, en el calendario de actividades Académicas &#8211; Administrativas.</em></p><p><em>La Administración Académica de la Facultad, procederá a desinscribir, las unidades de aprendizaje inscritas, del estudiante que realice su retiro oficial.</em></p></div></div>
