{"id":26,"date":"2024-09-18T23:05:46","date_gmt":"2024-09-18T21:05:46","guid":{"rendered":"https:\/\/naturales.ues.edu.sv\/biblioteca\/?page_id=26"},"modified":"2024-09-18T23:06:27","modified_gmt":"2024-09-18T21:06:27","slug":"vision","status":"publish","type":"page","link":"https:\/\/naturales.ues.edu.sv\/biblioteca\/vision\/","title":{"rendered":"Visi\u00f3n"},"content":{"rendered":"\n<p>Hacer de la biblioteca un centro de apoyo para la formaci\u00f3n acad\u00e9mica, cient\u00edfica e investigativa por medio de la actualizaci\u00f3n constante de los servicios y recursos de informaci\u00f3n que ofrece.<\/p>\n","protected":false},"excerpt":{"rendered":"<p>Hacer de la biblioteca un centro de apoyo para la formaci\u00f3n acad\u00e9mica, cient\u00edfica e investigativa por medio de la actualizaci\u00f3n constante de los servicios y recursos de informaci\u00f3n que ofrece.<\/p>\n","protected":false},"author":4,"featured_media":0,"parent":0,"menu_order":0,"comment_status":"closed","ping_status":"closed","template":"","meta":{"footnotes":""},"class_list":["post-26","page","type-page","status-publish","hentry"],"_links":{"self":[{"href":"https:\/\/naturales.ues.edu.sv\/biblioteca\/wp-json\/wp\/v2\/pages\/26","targetHints":{"allow":["GET"]}}],"collection":[{"href":"https:\/\/naturales.ues.edu.sv\/biblioteca\/wp-json\/wp\/v2\/pages"}],"about":[{"href":"https:\/\/naturales.ues.edu.sv\/biblioteca\/wp-json\/wp\/v2\/types\/page"}],"author":[{"embeddable":true,"href":"https:\/\/naturales.ues.edu.sv\/biblioteca\/wp-json\/wp\/v2\/users\/4"}],"replies":[{"embeddable":true,"href":"https:\/\/naturales.ues.edu.sv\/biblioteca\/wp-json\/wp\/v2\/comments?post=26"}],"version-history":[{"count":3,"href":"https:\/\/naturales.ues.edu.sv\/biblioteca\/wp-json\/wp\/v2\/pages\/26\/revisions"}],"predecessor-version":[{"id":38,"href":"https:\/\/naturales.ues.edu.sv\/biblioteca\/wp-json\/wp\/v2\/pages\/26\/revisions\/38"}],"wp:attachment":[{"href":"https:\/\/naturales.ues.edu.sv\/biblioteca\/wp-json\/wp\/v2\/media?parent=26"}],"curies":[{"name":"wp","href":"https:\/\/api.w.org\/{rel}","templated":true}]}}