{"id":11,"date":"2024-10-31T20:34:28","date_gmt":"2024-10-31T19:34:28","guid":{"rendered":"https:\/\/naturales.ues.edu.sv\/coloquiomatesv2024\/?page_id=11"},"modified":"2024-12-17T17:31:27","modified_gmt":"2024-12-17T16:31:27","slug":"comite-organizador","status":"publish","type":"page","link":"https:\/\/naturales.ues.edu.sv\/coloquiomatesv2024\/comite-organizador\/","title":{"rendered":"Comit\u00e9 organizador"},"content":{"rendered":"\n<p><strong>Escuela de Matem\u00e1tica<\/strong><\/p>\n\n\n\n<p><strong>Dra. Ingrid Carolina Mart\u00ednez Barahona<\/strong><\/p>\n\n\n\n<div class=\"wp-block-media-text alignwide is-stacked-on-mobile is-vertically-aligned-top\"><figure class=\"wp-block-media-text__media\"><img fetchpriority=\"high\" decoding=\"async\" width=\"1620\" height=\"1080\" src=\"https:\/\/naturales.ues.edu.sv\/coloquiomatesv2024\/wp-content\/uploads\/sites\/30\/2024\/10\/IMG_3192-2.jpg\" alt=\"\" class=\"wp-image-45 size-full\" \/><\/figure><div class=\"wp-block-media-text__content\"><\/div><\/div>\n\n\n\n<p><strong>Dr. Dimas No\u00e9 Tejada Tejada<\/strong><\/p>\n\n\n\n<div class=\"wp-block-media-text alignwide is-stacked-on-mobile is-vertically-aligned-top\"><figure class=\"wp-block-media-text__media\"><img decoding=\"async\" width=\"6000\" height=\"4000\" src=\"https:\/\/naturales.ues.edu.sv\/coloquiomatesv2024\/wp-content\/uploads\/sites\/30\/2024\/10\/IMG_3374.jpg\" alt=\"\" class=\"wp-image-49 size-full\" \/><\/figure><div class=\"wp-block-media-text__content\">\n<div class=\"wp-block-file\"><a id=\"wp-block-file--media-f7cc73ea-3e2b-4b90-87d2-d476282bc0ca\" href=\"https:\/\/naturales.ues.edu.sv\/coloquiomatesv2024\/wp-content\/uploads\/sites\/30\/2024\/11\/Resumen-de-Curriculo_Dr.-Dimas-Tejada.pdf\">Resumen de Curriculo_Dr. Dimas Tejada.<\/a><a href=\"https:\/\/naturales.ues.edu.sv\/coloquiomatesv2024\/wp-content\/uploads\/sites\/30\/2024\/11\/Resumen-de-Curriculo_Dr.-Dimas-Tejada.pdf\" class=\"wp-block-file__button wp-element-button\" download aria-describedby=\"wp-block-file--media-f7cc73ea-3e2b-4b90-87d2-d476282bc0ca\">Descarga<\/a><\/div>\n<\/div><\/div>\n\n\n\n<p><strong>Asociaci\u00f3n de Matem\u00e1ticos de El Salvador<\/strong><\/p>\n\n\n\n<p><strong>Ing. Carlos Mauricio Canjura Linares<\/strong><\/p>\n\n\n\n<div class=\"wp-block-media-text alignwide is-stacked-on-mobile is-vertically-aligned-top\"><figure class=\"wp-block-media-text__media\"><img decoding=\"async\" width=\"2048\" height=\"1365\" src=\"https:\/\/naturales.ues.edu.sv\/coloquiomatesv2024\/wp-content\/uploads\/sites\/30\/2024\/10\/463976140_1128388758701284_4224055232706500533_n.jpg\" alt=\"\" class=\"wp-image-52 size-full\" \/><\/figure><div class=\"wp-block-media-text__content\">\n<div class=\"wp-block-file\"><a id=\"wp-block-file--media-9165310c-f0eb-4512-bb1a-6630c8cfd474\" href=\"https:\/\/naturales.ues.edu.sv\/coloquiomatesv2024\/wp-content\/uploads\/sites\/30\/2024\/11\/Resumen-de-Curriculo_Ing.-Carlos-Canjura.pdf\">Resumen de Curriculo_Ing. Carlos Canjura<\/a><a href=\"https:\/\/naturales.ues.edu.sv\/coloquiomatesv2024\/wp-content\/uploads\/sites\/30\/2024\/11\/Resumen-de-Curriculo_Ing.-Carlos-Canjura.pdf\" class=\"wp-block-file__button wp-element-button\" download aria-describedby=\"wp-block-file--media-9165310c-f0eb-4512-bb1a-6630c8cfd474\">Descarga<\/a><\/div>\n<\/div><\/div>\n\n\n\n<p><strong>M. Sc. <\/strong><a href=\"mailto:mariocarpio@ciencias.unam.mx\"><strong>Mario Enrique Hern\u00e1ndez Carpio<\/strong><\/a><\/p>\n\n\n\n<div class=\"wp-block-media-text is-stacked-on-mobile\" style=\"grid-template-columns:32% auto\"><figure class=\"wp-block-media-text__media\"><img loading=\"lazy\" decoding=\"async\" width=\"142\" height=\"193\" src=\"https:\/\/naturales.ues.edu.sv\/coloquiomatesv2024\/wp-content\/uploads\/sites\/30\/2024\/11\/Captura-de-pantalla_22-11-2024_15390_.jpeg\" alt=\"\" class=\"wp-image-185 size-full\" \/><\/figure><div class=\"wp-block-media-text__content\">\n<div class=\"wp-block-file\"><a id=\"wp-block-file--media-8049c00e-63df-496c-8b87-073d73dd3562\" href=\"https:\/\/naturales.ues.edu.sv\/coloquiomatesv2024\/wp-content\/uploads\/sites\/30\/2024\/11\/Resumen-de-Curriculo_M.-Sc.-Mario-Hernandez.pdf\">Resumen de Curriculo_M. Sc. Mario Hern\u00e1ndez<\/a><a href=\"https:\/\/naturales.ues.edu.sv\/coloquiomatesv2024\/wp-content\/uploads\/sites\/30\/2024\/11\/Resumen-de-Curriculo_M.-Sc.-Mario-Hernandez.pdf\" class=\"wp-block-file__button wp-element-button\" download aria-describedby=\"wp-block-file--media-8049c00e-63df-496c-8b87-073d73dd3562\">Descarga<\/a><\/div>\n<\/div><\/div>\n\n\n\n<p class=\"has-text-align-left\"><strong>Equipo de Log\u00edstica<\/strong><\/p>\n\n\n\n<div class=\"wp-block-media-text alignwide is-stacked-on-mobile is-vertically-aligned-center\"><figure class=\"wp-block-media-text__media\"><img loading=\"lazy\" decoding=\"async\" width=\"1280\" height=\"1280\" src=\"https:\/\/naturales.ues.edu.sv\/coloquiomatesv2024\/wp-content\/uploads\/sites\/30\/2024\/12\/WhatsApp-Image-2024-12-16-at-11.30.56-AM-1.jpeg\" alt=\"\" class=\"wp-image-244 size-full\" \/><\/figure><div class=\"wp-block-media-text__content\">\n<p><\/p>\n\n\n\n<p>Br. Daniel Alejandro V\u00e1squez<\/p>\n\n\n\n<p>Profa. Sara\u00ed Abigail Posada Cornejo<\/p>\n\n\n\n<p>Br. William Ernesto V\u00e1squez<\/p>\n<\/div><\/div>\n","protected":false},"excerpt":{"rendered":"<p>Escuela de Matem\u00e1tica Dra. Ingrid Carolina Mart\u00ednez Barahona Dr. Dimas No\u00e9 Tejada Tejada Asociaci\u00f3n de Matem\u00e1ticos de El Salvador Ing. Carlos Mauricio [&hellip;]<\/p>\n","protected":false},"author":4,"featured_media":0,"parent":0,"menu_order":0,"comment_status":"closed","ping_status":"closed","template":"","meta":{"footnotes":""},"class_list":["post-11","page","type-page","status-publish","hentry"],"_links":{"self":[{"href":"https:\/\/naturales.ues.edu.sv\/coloquiomatesv2024\/wp-json\/wp\/v2\/pages\/11","targetHints":{"allow":["GET"]}}],"collection":[{"href":"https:\/\/naturales.ues.edu.sv\/coloquiomatesv2024\/wp-json\/wp\/v2\/pages"}],"about":[{"href":"https:\/\/naturales.ues.edu.sv\/coloquiomatesv2024\/wp-json\/wp\/v2\/types\/page"}],"author":[{"embeddable":true,"href":"https:\/\/naturales.ues.edu.sv\/coloquiomatesv2024\/wp-json\/wp\/v2\/users\/4"}],"replies":[{"embeddable":true,"href":"https:\/\/naturales.ues.edu.sv\/coloquiomatesv2024\/wp-json\/wp\/v2\/comments?post=11"}],"version-history":[{"count":10,"href":"https:\/\/naturales.ues.edu.sv\/coloquiomatesv2024\/wp-json\/wp\/v2\/pages\/11\/revisions"}],"predecessor-version":[{"id":245,"href":"https:\/\/naturales.ues.edu.sv\/coloquiomatesv2024\/wp-json\/wp\/v2\/pages\/11\/revisions\/245"}],"wp:attachment":[{"href":"https:\/\/naturales.ues.edu.sv\/coloquiomatesv2024\/wp-json\/wp\/v2\/media?parent=11"}],"curies":[{"name":"wp","href":"https:\/\/api.w.org\/{rel}","templated":true}]}}