{"id":118,"date":"2024-11-07T19:00:50","date_gmt":"2024-11-07T18:00:50","guid":{"rendered":"https:\/\/naturales.ues.edu.sv\/coloquiomatesv2024\/?page_id=118"},"modified":"2024-11-26T20:59:18","modified_gmt":"2024-11-26T19:59:18","slug":"inicio","status":"publish","type":"page","link":"https:\/\/naturales.ues.edu.sv\/coloquiomatesv2024\/inicio\/","title":{"rendered":"Primer Coloquio Salvadore\u00f1o de Matem\u00e1tica"},"content":{"rendered":"\n<figure class=\"wp-block-image size-full\"><img fetchpriority=\"high\" decoding=\"async\" width=\"813\" height=\"492\" src=\"https:\/\/naturales.ues.edu.sv\/coloquiomatesv2024\/wp-content\/uploads\/sites\/30\/2024\/11\/imagen_2024-11-26_135912074.png\" alt=\"\" class=\"wp-image-218\" \/><\/figure>\n\n\n\n<p><strong>Del 10 al 12 de diciembre de 2024<\/strong><\/p>\n\n\n\n<p><strong>Modalidad Presencial<\/strong><\/p>\n\n\n\n<p>La Escuela de Matem\u00e1tica y la Asociaci\u00f3n de Matem\u00e1ticos de El Salvador \u201cAMATES\u201d se han planteado compromisos de trabajo coordinado, buscando generar espacios para el desarrollo conjunto de actividades acad\u00e9micas, culturales, formativas, de proyecci\u00f3n social e investigaci\u00f3n en favor del desarrollo de la matem\u00e1tica en el pa\u00eds.<\/p>\n\n\n\n<p>Con el fin de promover la divulgaci\u00f3n del conocimiento matem\u00e1tico, la formaci\u00f3n continua de docentes de matem\u00e1tica e incentivar el intercambio entre los profesionales de Matem\u00e1tica, se est\u00e1 organizando el \u201cPrimer Coloquio Salvadore\u00f1o de Matem\u00e1tica\u201d.&nbsp; El evento est\u00e1 dirigido a estudiantes y docentes de la Escuela de Matem\u00e1tica, docentes de matem\u00e1tica de Educaci\u00f3n Media y superior tanto del sector p\u00fablico como privado, estudiantes de carreras afines a Matem\u00e1tica o Educaci\u00f3n Matem\u00e1tica de otras Facultades de la Universidad de El Salvador u otras Instituciones de Educaci\u00f3n Superior del pa\u00eds.<\/p>\n\n\n\n<p>El evento tendr\u00e1 dos agendas simult\u00e1neas, una orientada en las \u00e1reas de \u00c1lgebra y An\u00e1lisis, con \u00e9nfasis matem\u00e1tica fundamental, y otra orientada a la formaci\u00f3n continua de docentes de nivel medio y superior. El prop\u00f3sito principal es unificar a los grupos, en principio con intereses diferentes, como la comunidad matem\u00e1tica salvadore\u00f1a y poder trabajar en un mismo proyecto coordinado que permita tener avances significativos tanto en investigaci\u00f3n como en la ense\u00f1anza de la matem\u00e1tica en el pa\u00eds en todos los niveles.<\/p>\n\n\n\n<p>Se tiene planificado desarrollar las actividades de manera presencial, del 10 al 12 de diciembre de 2024 en las instalaciones de la Escuela de Matem\u00e1tica de la Facultad de Ciencias Naturales y Matem\u00e1tica de la Universidad de El Salvador.&nbsp;&nbsp; Entre las actividades a desarrollar se tienen: mini cursos, talleres y conferencias; se pretende transmitir en vivo algunas de las actividades, con el fin de hacer difusi\u00f3n a nivel nacional y centroamericano.<\/p>\n\n\n\n<p>Se aspira a que el Coloquio Salvadore\u00f1o de Matem\u00e1tica se vuelva un evento con periodicidad anual con alcance nacional y orientado a promover el quehacer matem\u00e1tico en El Salvador.<\/p>\n","protected":false},"excerpt":{"rendered":"<p>Del 10 al 12 de diciembre de 2024 Modalidad Presencial La Escuela de Matem\u00e1tica y la Asociaci\u00f3n de Matem\u00e1ticos de El Salvador [&hellip;]<\/p>\n","protected":false},"author":4,"featured_media":0,"parent":0,"menu_order":0,"comment_status":"closed","ping_status":"closed","template":"","meta":{"footnotes":""},"class_list":["post-118","page","type-page","status-publish","hentry"],"_links":{"self":[{"href":"https:\/\/naturales.ues.edu.sv\/coloquiomatesv2024\/wp-json\/wp\/v2\/pages\/118","targetHints":{"allow":["GET"]}}],"collection":[{"href":"https:\/\/naturales.ues.edu.sv\/coloquiomatesv2024\/wp-json\/wp\/v2\/pages"}],"about":[{"href":"https:\/\/naturales.ues.edu.sv\/coloquiomatesv2024\/wp-json\/wp\/v2\/types\/page"}],"author":[{"embeddable":true,"href":"https:\/\/naturales.ues.edu.sv\/coloquiomatesv2024\/wp-json\/wp\/v2\/users\/4"}],"replies":[{"embeddable":true,"href":"https:\/\/naturales.ues.edu.sv\/coloquiomatesv2024\/wp-json\/wp\/v2\/comments?post=118"}],"version-history":[{"count":8,"href":"https:\/\/naturales.ues.edu.sv\/coloquiomatesv2024\/wp-json\/wp\/v2\/pages\/118\/revisions"}],"predecessor-version":[{"id":219,"href":"https:\/\/naturales.ues.edu.sv\/coloquiomatesv2024\/wp-json\/wp\/v2\/pages\/118\/revisions\/219"}],"wp:attachment":[{"href":"https:\/\/naturales.ues.edu.sv\/coloquiomatesv2024\/wp-json\/wp\/v2\/media?parent=118"}],"curies":[{"name":"wp","href":"https:\/\/api.w.org\/{rel}","templated":true}]}}