{"id":959,"date":"2023-11-15T21:36:51","date_gmt":"2023-11-15T21:36:51","guid":{"rendered":"https:\/\/www.cimat.ues.edu.sv\/ecimpasv2024\/?page_id=959"},"modified":"2024-07-05T14:24:52","modified_gmt":"2024-07-05T14:24:52","slug":"general-information","status":"publish","type":"page","link":"https:\/\/naturales.ues.edu.sv\/ecimpasv2024\/general-information\/","title":{"rendered":"Informaci\u00f3n General"},"content":{"rendered":"\n<p>Fechas: 8 al 19 de julio, 2024<\/p>\n\n\n\n<p>Fecha l\u00edmite de aplicaci\u00f3n: 5 de abril de 2024<\/p>\n\n\n\n<p><strong>Lugar de las actividades<\/strong>: Auditorio de la Facultad de CCNN y Matem\u00e1tica \u201cDr. Fabio Castillo\u201d.<\/p>\n\n\n\n<p><strong>Ubicaci\u00f3n:<\/strong><a href=\"https:\/\/maps.app.goo.gl\/CYzCcuHp1HNwUCsv5\" target=\"_blank\" rel=\"noreferrer noopener\">https:\/\/maps.app.goo.gl\/CYzCcuHp1HNwUCsv5<\/a><\/p>\n\n\n\n<h1 class=\"wp-block-heading\"><strong>Clima<\/strong><\/h1>\n\n\n\n<p>El Salvador se encuentra en el l\u00edmite norte de la zona ecuatorial, y como tal est\u00e1 comprendido dentro del \u00e1rea de climas tropicales. En el mes de julio se estar\u00e1 en invierno.<\/p>\n\n\n\n<h2 class=\"wp-block-heading\"><strong>Moneda<\/strong><\/h2>\n\n\n\n<p>La moneda de uso en El Salvador es el d\u00f3lar estadounidense ($). Pueden comprarse en bancos de El Salvador o retirarlos en cajeros autom\u00e1ticos.<\/p>\n\n\n\n<h2 class=\"wp-block-heading\"><strong>Ubicaci\u00f3n<\/strong><\/h2>\n\n\n\n<p>Universidad de El Salvador: Final 25 Avenida Norte, San Salvador, San Salvador.&nbsp;<\/p>\n\n\n\n<p>Google maps: <a href=\"https:\/\/goo.gl\/maps\/bnn5K4RKvfqVZWEt8\">https:\/\/goo.gl\/maps\/bnn5K4RKvfqVZWEt8<\/a><\/p>\n\n\n\n<h2 class=\"wp-block-heading\"><strong>Hoteles<\/strong><\/h2>\n\n\n\n<p>Hoteles econ\u00f3micos m\u00e1s cercanos al campus de la Universidad de El Salvador (sede San Salvador) <\/p>\n\n\n\n<p>&lt; 1 Km, ~5 min.<\/p>\n\n\n\n<ul class=\"wp-block-list\">\n<li><em><strong>HOTEL TAZUMAL<\/strong><\/em><\/li>\n\n\n\n<li>Habitaci\u00f3n individual: $35<\/li>\n\n\n\n<li>Habitaci\u00f3n doble: $45<\/li>\n\n\n\n<li>Habitaci\u00f3n triple: $55<\/li>\n\n\n\n<li>Desayuno e impuestos incluidos A\/C, TV con cable, WIFI, ba\u00f1o privado con agua caliente<\/li>\n\n\n\n<li>Servicio de cena (costo variable)<\/li>\n\n\n\n<li>Tel. +503 2235-0156<\/li>\n\n\n\n<li>WhatsApp: +503 7601-5056<\/li>\n\n\n\n<li>Email: info@hoteltazumalhouse.com<\/li>\n\n\n\n<li>Web: <a href=\"http:\/\/www.hoteltazumalhouse.com\/\">www.hoteltazumalhouse.com<\/a><\/li>\n\n\n\n<li>Direcci\u00f3n: Final 35 Avenida Norte #3, Reparto Santa Fe, San Salvador.<\/li>\n<\/ul>\n\n\n\n<ul class=\"wp-block-list\">\n<li><em><strong>HOTEL LAS HORTENSIAS<\/strong><\/em><\/li>\n\n\n\n<li>Habitaci\u00f3n individual: $25<\/li>\n\n\n\n<li>Habitaci\u00f3n doble: $35<\/li>\n\n\n\n<li>Habitaci\u00f3n triple: $42<\/li>\n\n\n\n<li>Desayuno e impuestos incluidos, A\/C, Wifi, ba\u00f1o privado con agua caliente.<\/li>\n\n\n\n<li>Tel. +503 2226-7343, +503 2225-0132<\/li>\n\n\n\n<li>WhatsApp: +503 7874-9624<\/li>\n\n\n\n<li>Email: i_guesthouse@yahoo.com, i_guesthouse@hotmail.com<\/li>\n\n\n\n<li>Web: http:\/\/hotellashortensias.com\/<\/li>\n\n\n\n<li>Direcci\u00f3n: 35 Avenida Norte #9-bis, Reparto Santa Fe, San Salvador.<\/li>\n<\/ul>\n\n\n\n<h2 class=\"wp-block-heading\"><strong>Seguro M\u00e9dico<\/strong><\/h2>\n\n\n\n<p>Recomendamos a los participantes extranjeros adquirir un seguro m\u00e9dico para la duraci\u00f3n de su estancia en el pa\u00eds.<\/p>\n\n\n\n<h2 class=\"wp-block-heading\"><strong>Informaci\u00f3n Migratoria<\/strong><\/h2>\n\n\n\n<p>Verifique en los siguientes sitios si requiere de visa o permisos migratorios para ingresar a El Salvador<\/p>\n\n\n\n<ul class=\"wp-block-list\">\n<li><a href=\"https:\/\/rree.gob.sv\/visas\/\">https:\/\/rree.gob.sv\/visas\/<\/a><\/li>\n\n\n\n<li><a href=\"https:\/\/www.migracion.gob.sv\/category\/avisos\/\">https:\/\/www.migracion.gob.sv\/category\/avisos\/<\/a><\/li>\n\n\n\n<li><a href=\"https:\/\/embassy-finder.com\/es\/\">https:\/\/embassy-finder.com\/es\/<\/a><\/li>\n<\/ul>\n","protected":false},"excerpt":{"rendered":"<p>Fechas: 8 al 19 de julio, 2024 Fecha l\u00edmite de aplicaci\u00f3n: 5 de abril de 2024 Lugar de las actividades: Auditorio de [&hellip;]<\/p>\n","protected":false},"author":6,"featured_media":0,"parent":0,"menu_order":0,"comment_status":"closed","ping_status":"closed","template":"","meta":{"footnotes":""},"class_list":["post-959","page","type-page","status-publish","hentry"],"_links":{"self":[{"href":"https:\/\/naturales.ues.edu.sv\/ecimpasv2024\/wp-json\/wp\/v2\/pages\/959","targetHints":{"allow":["GET"]}}],"collection":[{"href":"https:\/\/naturales.ues.edu.sv\/ecimpasv2024\/wp-json\/wp\/v2\/pages"}],"about":[{"href":"https:\/\/naturales.ues.edu.sv\/ecimpasv2024\/wp-json\/wp\/v2\/types\/page"}],"author":[{"embeddable":true,"href":"https:\/\/naturales.ues.edu.sv\/ecimpasv2024\/wp-json\/wp\/v2\/users\/6"}],"replies":[{"embeddable":true,"href":"https:\/\/naturales.ues.edu.sv\/ecimpasv2024\/wp-json\/wp\/v2\/comments?post=959"}],"version-history":[{"count":10,"href":"https:\/\/naturales.ues.edu.sv\/ecimpasv2024\/wp-json\/wp\/v2\/pages\/959\/revisions"}],"predecessor-version":[{"id":1108,"href":"https:\/\/naturales.ues.edu.sv\/ecimpasv2024\/wp-json\/wp\/v2\/pages\/959\/revisions\/1108"}],"wp:attachment":[{"href":"https:\/\/naturales.ues.edu.sv\/ecimpasv2024\/wp-json\/wp\/v2\/media?parent=959"}],"curies":[{"name":"wp","href":"https:\/\/api.w.org\/{rel}","templated":true}]}}