{"id":41,"date":"2022-12-01T16:50:24","date_gmt":"2022-12-01T16:50:24","guid":{"rendered":"http:\/\/www.cimat.ues.edu.sv\/espectroscopia\/?page_id=41"},"modified":"2022-12-01T20:03:59","modified_gmt":"2022-12-01T20:03:59","slug":"propiedades-opticas-de-micorrizas","status":"publish","type":"page","link":"https:\/\/naturales.ues.edu.sv\/espectroscopia\/propiedades-opticas-de-micorrizas\/","title":{"rendered":"Propiedades \u00f3pticas de Micorrizas"},"content":{"rendered":"\n<div class=\"wp-block-media-text alignwide is-stacked-on-mobile\" style=\"grid-template-columns:30% auto\"><figure class=\"wp-block-media-text__media\"><img fetchpriority=\"high\" decoding=\"async\" width=\"800\" height=\"700\" src=\"http:\/\/www.cimat.ues.edu.sv\/espectroscopia\/wp-content\/uploads\/sites\/8\/2022\/12\/espec_MICOR.png\" alt=\"\" class=\"wp-image-18 size-full\" srcset=\"https:\/\/naturales.ues.edu.sv\/espectroscopia\/wp-content\/uploads\/sites\/8\/2022\/12\/espec_MICOR.png 800w, https:\/\/naturales.ues.edu.sv\/espectroscopia\/wp-content\/uploads\/sites\/8\/2022\/12\/espec_MICOR-300x263.png 300w, https:\/\/naturales.ues.edu.sv\/espectroscopia\/wp-content\/uploads\/sites\/8\/2022\/12\/espec_MICOR-768x672.png 768w\" sizes=\"(max-width: 800px) 100vw, 800px\" \/><\/figure><div class=\"wp-block-media-text__content\">\n<p>Las micorrizas son una asociaci\u00f3n simbi\u00f3tica entre cierto tipo de hongos y las ra\u00edces de las plantas, esta simbiosis ocurre de forma natural en los tr\u00f3picos y su importancia radica en los beneficios obtenidos ya que pueden funcionar como biofertilizantes, bio-remediadores, as\u00ed como bio-protectores del suelo. Para la seguridad alimentaria es un tema importante ya que debido a su funci\u00f3n biofertilizante, la micorrizaci\u00f3n permitir\u00eda obtener mejores resultados en plantas de consumo como el ma\u00edz entre otros y sin la contaminaci\u00f3n de los suelos empleando productos qu\u00edmicos. La caracterizaci\u00f3n de estas estructuras con t\u00e9cnicas no invasivas como empleando espectroscop\u00eda \u00f3ptica permitir\u00eda entender mejor esta simbiosis y la mejor forma de aprovechar sus propiedades. Las actividades que se realizan en esta l\u00ednea son: preparaci\u00f3n y extracci\u00f3n de muestras experimentales, realizaci\u00f3n de medidas experimentales empleando diferentes t\u00e9cnicas espectrosc\u00f3picas, an\u00e1lisis de resultados y presentaci\u00f3n de los mismos en congresos nacionales o internacionales. Se tiene colaboraci\u00f3n cient\u00edfica con investigadores de otras universidades internacionales interesados en el tema.<\/p>\n<\/div><\/div>\n","protected":false},"excerpt":{"rendered":"<p>Las micorrizas son una asociaci\u00f3n simbi\u00f3tica entre cierto tipo de hongos y las ra\u00edces de las plantas, esta simbiosis ocurre de forma natural en los tr\u00f3picos y su importancia radica en los beneficios obtenidos ya que pueden funcionar como biofertilizantes, bio-remediadores, as\u00ed como bio-protectores del suelo. Para la seguridad alimentaria es un tema importante ya [&hellip;]<\/p>\n","protected":false},"author":3,"featured_media":0,"parent":0,"menu_order":0,"comment_status":"closed","ping_status":"closed","template":"","meta":{"footnotes":""},"class_list":["post-41","page","type-page","status-publish","hentry"],"_links":{"self":[{"href":"https:\/\/naturales.ues.edu.sv\/espectroscopia\/wp-json\/wp\/v2\/pages\/41","targetHints":{"allow":["GET"]}}],"collection":[{"href":"https:\/\/naturales.ues.edu.sv\/espectroscopia\/wp-json\/wp\/v2\/pages"}],"about":[{"href":"https:\/\/naturales.ues.edu.sv\/espectroscopia\/wp-json\/wp\/v2\/types\/page"}],"author":[{"embeddable":true,"href":"https:\/\/naturales.ues.edu.sv\/espectroscopia\/wp-json\/wp\/v2\/users\/3"}],"replies":[{"embeddable":true,"href":"https:\/\/naturales.ues.edu.sv\/espectroscopia\/wp-json\/wp\/v2\/comments?post=41"}],"version-history":[{"count":4,"href":"https:\/\/naturales.ues.edu.sv\/espectroscopia\/wp-json\/wp\/v2\/pages\/41\/revisions"}],"predecessor-version":[{"id":72,"href":"https:\/\/naturales.ues.edu.sv\/espectroscopia\/wp-json\/wp\/v2\/pages\/41\/revisions\/72"}],"wp:attachment":[{"href":"https:\/\/naturales.ues.edu.sv\/espectroscopia\/wp-json\/wp\/v2\/media?parent=41"}],"curies":[{"name":"wp","href":"https:\/\/api.w.org\/{rel}","templated":true}]}}