{"id":32,"date":"2025-06-27T17:52:38","date_gmt":"2025-06-27T15:52:38","guid":{"rendered":"https:\/\/naturales.ues.edu.sv\/mydidactica2025\/?page_id=32"},"modified":"2025-07-01T16:48:47","modified_gmt":"2025-07-01T14:48:47","slug":"generalidades","status":"publish","type":"page","link":"https:\/\/naturales.ues.edu.sv\/mydidactica2025\/generalidades\/","title":{"rendered":"Generalidades"},"content":{"rendered":"\n<h2 class=\"wp-block-heading\">Matem\u00e1tica y su did\u00e1ctica a\u00f1o 2025<\/h2>\n\n\n\n<p class=\"has-white-color has-text-color has-background has-link-color wp-elements-84e3bea177bd0e5099e13b99b170fd60\" style=\"background-color:#c8661d\"><strong>La Escuela de Matem\u00e1tica con el fin de promover la divulgaci\u00f3n del conocimiento matem\u00e1tico, la<br>formaci\u00f3n continua de docentes de matem\u00e1tica e incentivar el intercambio entre los profesionales de Matem\u00e1tica, se est\u00e1 organizando el \u201cCongreso de Matem\u00e1tica y su Did\u00e1ctica, a\u00f1o 2025\u201d. El evento est\u00e1 dirigido a estudiantes y docentes de la Escuela de Matem\u00e1tica, docentes de matem\u00e1tica de Educaci\u00f3n Media y superior tanto del sector p\u00fablico como privado, estudiantes de carreras afines a Matem\u00e1tica o Educaci\u00f3n Matem\u00e1tica de otras Facultades de la Universidad de El Salvador u otras Instituciones de Educaci\u00f3n Superior del pa\u00eds.<\/strong><\/p>\n\n\n\n<h2 class=\"wp-block-heading\">Objetivo<\/h2>\n\n\n\n<p class=\"has-white-color has-text-color has-background has-link-color wp-elements-2d3164e4f06201c791be73b976443221\" style=\"background-color:#c8661d\"><strong>Incidir en la cultura matem\u00e1tica del pa\u00eds a trav\u00e9s de la actualizaci\u00f3n docente y formaci\u00f3n en did\u00e1ctica de la matem\u00e1tica mediante conferencias y talleres con apoyo de instituciones nacionales e internacionales.<\/strong><\/p>\n\n\n\n<h2 class=\"wp-block-heading\">Contenidos<\/h2>\n\n\n\n<p class=\"has-white-color has-text-color has-background has-link-color wp-elements-16593412f4567c2b5ba3d582fb38d66d\" style=\"background-color:#c8661d\"><strong>El evento se orienta a desarrollar actividades en matem\u00e1tica y matem\u00e1tica educativa orientadas a las \u00e1reas de \u00e1lgebra, geometr\u00eda, probabilidad y estad\u00edstica y aritm\u00e9tica. Las l\u00edneas de trabajo son :<\/strong><\/p>\n\n\n\n<ol style=\"background-color:#c8661d\" class=\"wp-block-list has-background\">\n<li class=\"has-white-color has-text-color has-background has-link-color wp-elements-f18208d26665796830a00f36d5acb543\" style=\"background-color:#c8661d\"><strong>Materiales y recursos did\u00e1cticos para la ense\u00f1anza<\/strong><\/li>\n\n\n\n<li class=\"has-white-color has-text-color has-background has-link-color wp-elements-843bdf12ba0c40632cf97760e552c711\" style=\"background-color:#c8661d\"><strong>Tecnolog\u00eda y educaci\u00f3n<\/strong><\/li>\n\n\n\n<li class=\"has-white-color has-text-color has-background has-link-color wp-elements-c3a8344da20c206e6f58b769fceb3a0d\" style=\"background-color:#c8661d\"><strong>Resoluci\u00f3n de problemas<\/strong><\/li>\n\n\n\n<li class=\"has-white-color has-text-color has-background has-link-color wp-elements-7f019663489f14da2ff987112fd26f7f\" style=\"background-color:#c8661d\"><strong>Estrategias de ense\u00f1anza de la matem\u00e1tica en diferentes niveles de escolaridad.<\/strong><\/li>\n\n\n\n<li class=\"has-white-color has-text-color has-background has-link-color wp-elements-bae07751f4375a1ea60bbd25a0361c39\" style=\"background-color:#c8661d\"><strong>Otros relacionados con la \u00e1reas de la matem\u00e1tica<\/strong><\/li>\n<\/ol>\n\n\n\n<h2 class=\"wp-block-heading\">Metodolog\u00eda<\/h2>\n\n\n\n<ol style=\"background-color:#c8661d\" class=\"wp-block-list has-white-color has-text-color has-background has-link-color wp-elements-1f09481baa7e383695607580d561dadd\">\n<li><strong>El evento se desarrollar\u00e1 en formato h\u00edbrido, con actividades paralelas presenciales por las ma\u00f1anas, y con actividades paralelas a distancia.<\/strong><\/li>\n\n\n\n<li><strong>Incluir\u00e1 Conferencias magistrales de una hora, y Talleres de tres o cuatro horas (en dos o tres jornadas).<\/strong><\/li>\n\n\n\n<li><strong>Se atender\u00e1n dos grupos de 35 personas cada uno como m\u00e1ximo.<\/strong><\/li>\n<\/ol>\n","protected":false},"excerpt":{"rendered":"<p>Matem\u00e1tica y su did\u00e1ctica a\u00f1o 2025 La Escuela de Matem\u00e1tica con el fin de promover la divulgaci\u00f3n del conocimiento matem\u00e1tico, laformaci\u00f3n continua de docentes de matem\u00e1tica e incentivar el intercambio&hellip;<\/p>\n","protected":false},"author":4,"featured_media":0,"parent":0,"menu_order":0,"comment_status":"closed","ping_status":"closed","template":"","meta":{"footnotes":""},"class_list":["post-32","page","type-page","status-publish","hentry"],"_links":{"self":[{"href":"https:\/\/naturales.ues.edu.sv\/mydidactica2025\/wp-json\/wp\/v2\/pages\/32","targetHints":{"allow":["GET"]}}],"collection":[{"href":"https:\/\/naturales.ues.edu.sv\/mydidactica2025\/wp-json\/wp\/v2\/pages"}],"about":[{"href":"https:\/\/naturales.ues.edu.sv\/mydidactica2025\/wp-json\/wp\/v2\/types\/page"}],"author":[{"embeddable":true,"href":"https:\/\/naturales.ues.edu.sv\/mydidactica2025\/wp-json\/wp\/v2\/users\/4"}],"replies":[{"embeddable":true,"href":"https:\/\/naturales.ues.edu.sv\/mydidactica2025\/wp-json\/wp\/v2\/comments?post=32"}],"version-history":[{"count":4,"href":"https:\/\/naturales.ues.edu.sv\/mydidactica2025\/wp-json\/wp\/v2\/pages\/32\/revisions"}],"predecessor-version":[{"id":79,"href":"https:\/\/naturales.ues.edu.sv\/mydidactica2025\/wp-json\/wp\/v2\/pages\/32\/revisions\/79"}],"wp:attachment":[{"href":"https:\/\/naturales.ues.edu.sv\/mydidactica2025\/wp-json\/wp\/v2\/media?parent=32"}],"curies":[{"name":"wp","href":"https:\/\/api.w.org\/{rel}","templated":true}]}}