{"id":21,"date":"2022-11-17T16:23:20","date_gmt":"2022-11-17T16:23:20","guid":{"rendered":"http:\/\/www.cimat.ues.edu.sv\/portaltransparencia\/?page_id=21"},"modified":"2025-02-21T21:49:48","modified_gmt":"2025-02-21T21:49:48","slug":"procedimiento-de-seleccion-personal","status":"publish","type":"page","link":"https:\/\/naturales.ues.edu.sv\/portaltransparencia\/procedimiento-de-seleccion-personal\/","title":{"rendered":"Procedimiento de Selecci\u00f3n personal"},"content":{"rendered":"\n<p><strong>PROCEDIMIENTOS DE SELECCI\u00d3N Y CONTRATACI\u00d3N Cuarto Trimestre<\/strong><\/p>\n\n\n\n<div class=\"wp-block-file\"><a id=\"wp-block-file--media-9b21715c-0f52-4579-a155-134e1dc3342f\" href=\"https:\/\/naturales.ues.edu.sv\/portaltransparencia\/wp-content\/uploads\/sites\/16\/2025\/02\/01-PROCEDIMIENTOS-DE-SELECCION-Y-CONTRATACION.xlsx\">01 PROCEDIMIENTOS DE SELECCI\u00d3N Y CONTRATACI\u00d3N<\/a><a href=\"https:\/\/naturales.ues.edu.sv\/portaltransparencia\/wp-content\/uploads\/sites\/16\/2025\/02\/01-PROCEDIMIENTOS-DE-SELECCION-Y-CONTRATACION.xlsx\" class=\"wp-block-file__button wp-element-button\" download aria-describedby=\"wp-block-file--media-9b21715c-0f52-4579-a155-134e1dc3342f\">Descarga<\/a><\/div>\n\n\n\n<h2 class=\"wp-block-heading\">Proceso de Contrataci\u00f3n Primer Trimestre 2024<\/h2>\n\n\n\n<div class=\"wp-block-file\"><a id=\"wp-block-file--media-e68d4c2f-a61c-4b18-b43a-a42d7e58b198\" href=\"https:\/\/naturales.ues.edu.sv\/portaltransparencia\/wp-content\/uploads\/sites\/16\/2024\/07\/Procesos-de-Contratacion-Primer-Trimestre-2024-1.xlsx\">Procesos-de-Contratacion-Primer-Trimestre-2024-1<\/a><a href=\"https:\/\/naturales.ues.edu.sv\/portaltransparencia\/wp-content\/uploads\/sites\/16\/2024\/07\/Procesos-de-Contratacion-Primer-Trimestre-2024-1.xlsx\" class=\"wp-block-file__button wp-element-button\" download aria-describedby=\"wp-block-file--media-e68d4c2f-a61c-4b18-b43a-a42d7e58b198\">Descarga<\/a><\/div>\n\n\n\n<h2 class=\"wp-block-heading\">Procedimiento de Selecci\u00f3n A\u00f1o: 2020<\/h2>\n\n\n\n<div data-wp-interactive=\"core\/file\" class=\"wp-block-file\"><object data-wp-bind--hidden=\"!state.hasPdfPreview\" hidden class=\"wp-block-file__embed\" data=\"https:\/\/naturales.ues.edu.sv\/portaltransparencia\/wp-content\/uploads\/sites\/16\/2024\/07\/PROCEDIMIENTO-DE-SELECCION-2020_0.pdf\" type=\"application\/pdf\" style=\"width:100%;height:600px\" aria-label=\"Incrustado de PROCEDIMIENTO-DE-SELECCION-2020_0.\"><\/object><a id=\"wp-block-file--media-8c396e46-b647-4a9e-83a8-155ed42dec9c\" href=\"https:\/\/naturales.ues.edu.sv\/portaltransparencia\/wp-content\/uploads\/sites\/16\/2024\/07\/PROCEDIMIENTO-DE-SELECCION-2020_0.pdf\">PROCEDIMIENTO-DE-SELECCION-2020_0<\/a><a href=\"https:\/\/naturales.ues.edu.sv\/portaltransparencia\/wp-content\/uploads\/sites\/16\/2024\/07\/PROCEDIMIENTO-DE-SELECCION-2020_0.pdf\" class=\"wp-block-file__button wp-element-button\" download aria-describedby=\"wp-block-file--media-8c396e46-b647-4a9e-83a8-155ed42dec9c\">Descarga<\/a><\/div>\n\n\n\n<h2 class=\"wp-block-heading\">Procedimiento de Contrataci\u00f3n A\u00f1o: 2020 <\/h2>\n\n\n\n<div data-wp-interactive=\"core\/file\" class=\"wp-block-file\"><object data-wp-bind--hidden=\"!state.hasPdfPreview\" hidden class=\"wp-block-file__embed\" data=\"https:\/\/naturales.ues.edu.sv\/portaltransparencia\/wp-content\/uploads\/sites\/16\/2024\/07\/Proceso-de-Contratacion-de-Personal-CIMAT.pdf\" type=\"application\/pdf\" style=\"width:100%;height:600px\" aria-label=\"Incrustado de Proceso-de-Contratacion-de-Personal-CIMAT.\"><\/object><a id=\"wp-block-file--media-42aa3782-4930-4b87-915f-dbd09da5abe1\" href=\"https:\/\/naturales.ues.edu.sv\/portaltransparencia\/wp-content\/uploads\/sites\/16\/2024\/07\/Proceso-de-Contratacion-de-Personal-CIMAT.pdf\">Proceso-de-Contratacion-de-Personal-CIMAT<\/a><a href=\"https:\/\/naturales.ues.edu.sv\/portaltransparencia\/wp-content\/uploads\/sites\/16\/2024\/07\/Proceso-de-Contratacion-de-Personal-CIMAT.pdf\" class=\"wp-block-file__button wp-element-button\" download aria-describedby=\"wp-block-file--media-42aa3782-4930-4b87-915f-dbd09da5abe1\">Descarga<\/a><\/div>\n\n\n\n<h2 class=\"wp-block-heading\">Procedimiento de Selecci\u00f3n A\u00f1o: 2017<\/h2>\n\n\n\n<div data-wp-interactive=\"core\/file\" class=\"wp-block-file\"><object data-wp-bind--hidden=\"!state.hasPdfPreview\" hidden class=\"wp-block-file__embed\" data=\"https:\/\/naturales.ues.edu.sv\/portaltransparencia\/wp-content\/uploads\/sites\/16\/2024\/07\/PROCESOS-DE-SELECCION-REALIZADOS-DURANTE-EL-ANO-2017.pdf\" type=\"application\/pdf\" style=\"width:100%;height:600px\" aria-label=\"Incrustado de PROCESOS-DE-SELECCION-REALIZADOS-DURANTE-EL-ANO-2017.\"><\/object><a id=\"wp-block-file--media-ff8e5449-9d60-4b10-848c-9029fd551a03\" href=\"https:\/\/naturales.ues.edu.sv\/portaltransparencia\/wp-content\/uploads\/sites\/16\/2024\/07\/PROCESOS-DE-SELECCION-REALIZADOS-DURANTE-EL-ANO-2017.pdf\">PROCESOS-DE-SELECCION-REALIZADOS-DURANTE-EL-ANO-2017<\/a><a href=\"https:\/\/naturales.ues.edu.sv\/portaltransparencia\/wp-content\/uploads\/sites\/16\/2024\/07\/PROCESOS-DE-SELECCION-REALIZADOS-DURANTE-EL-ANO-2017.pdf\" class=\"wp-block-file__button wp-element-button\" download aria-describedby=\"wp-block-file--media-ff8e5449-9d60-4b10-848c-9029fd551a03\">Descarga<\/a><\/div>\n","protected":false},"excerpt":{"rendered":"<p>PROCEDIMIENTOS DE SELECCI\u00d3N Y CONTRATACI\u00d3N Cuarto Trimestre Proceso de Contrataci\u00f3n Primer Trimestre 2024 Procedimiento de Selecci\u00f3n A\u00f1o: 2020 Procedimiento de Contrataci\u00f3n A\u00f1o: 2020 Procedimiento de Selecci\u00f3n A\u00f1o: 2017<\/p>\n","protected":false},"author":4,"featured_media":0,"parent":0,"menu_order":0,"comment_status":"closed","ping_status":"closed","template":"","meta":{"footnotes":""},"class_list":["post-21","page","type-page","status-publish","hentry"],"_links":{"self":[{"href":"https:\/\/naturales.ues.edu.sv\/portaltransparencia\/wp-json\/wp\/v2\/pages\/21","targetHints":{"allow":["GET"]}}],"collection":[{"href":"https:\/\/naturales.ues.edu.sv\/portaltransparencia\/wp-json\/wp\/v2\/pages"}],"about":[{"href":"https:\/\/naturales.ues.edu.sv\/portaltransparencia\/wp-json\/wp\/v2\/types\/page"}],"author":[{"embeddable":true,"href":"https:\/\/naturales.ues.edu.sv\/portaltransparencia\/wp-json\/wp\/v2\/users\/4"}],"replies":[{"embeddable":true,"href":"https:\/\/naturales.ues.edu.sv\/portaltransparencia\/wp-json\/wp\/v2\/comments?post=21"}],"version-history":[{"count":8,"href":"https:\/\/naturales.ues.edu.sv\/portaltransparencia\/wp-json\/wp\/v2\/pages\/21\/revisions"}],"predecessor-version":[{"id":2147,"href":"https:\/\/naturales.ues.edu.sv\/portaltransparencia\/wp-json\/wp\/v2\/pages\/21\/revisions\/2147"}],"wp:attachment":[{"href":"https:\/\/naturales.ues.edu.sv\/portaltransparencia\/wp-json\/wp\/v2\/media?parent=21"}],"curies":[{"name":"wp","href":"https:\/\/api.w.org\/{rel}","templated":true}]}}