{"id":1230,"date":"2025-11-03T21:21:42","date_gmt":"2025-11-03T20:21:42","guid":{"rendered":"https:\/\/naturales.ues.edu.sv\/proyeccionsocial\/?page_id=1230"},"modified":"2025-11-03T21:21:43","modified_gmt":"2025-11-03T20:21:43","slug":"ups","status":"publish","type":"page","link":"https:\/\/naturales.ues.edu.sv\/proyeccionsocial\/","title":{"rendered":"UPS"},"content":{"rendered":"\n<p><strong>La Unidad de Proyecci\u00f3n Social es el ente acad\u00e9mico-administrativo encargado de elaborar, coordinar, ejecutar, supervisar y dar seguimiento a los planes de trabajo, programas, proyectos y actividades que se desarrollen en el marco proyecci\u00f3n social de la Facultad de Ciencias Naturales y Matem\u00e1tica en cumplimiento a la pol\u00edtica y lineamientos de Proyecci\u00f3n Social de la Universidad de El Salvador.<\/strong><br><br><strong>Adem\u00e1s, establece lazos de cooperaci\u00f3n y apoyo entre docentes, personal administrativo no docente y estudiantes para la realizaci\u00f3n de actividades de proyecci\u00f3n social, as\u00ed como tambi\u00e9n con Unidades o Laboratorios al interior de la Universidad o con Instituciones externas, principalmente para el desarrollo del Servicio Social de nuestros estudiantes<\/strong><\/p>\n\n\n\n<p><\/p>\n","protected":false},"excerpt":{"rendered":"<p>La Unidad de Proyecci\u00f3n Social es el ente acad\u00e9mico-administrativo encargado de elaborar, coordinar, ejecutar, supervisar&#8230;<\/p>\n","protected":false},"author":1,"featured_media":0,"parent":0,"menu_order":0,"comment_status":"closed","ping_status":"closed","template":"","meta":{"footnotes":""},"class_list":["post-1230","page","type-page","status-publish","hentry"],"_links":{"self":[{"href":"https:\/\/naturales.ues.edu.sv\/proyeccionsocial\/wp-json\/wp\/v2\/pages\/1230","targetHints":{"allow":["GET"]}}],"collection":[{"href":"https:\/\/naturales.ues.edu.sv\/proyeccionsocial\/wp-json\/wp\/v2\/pages"}],"about":[{"href":"https:\/\/naturales.ues.edu.sv\/proyeccionsocial\/wp-json\/wp\/v2\/types\/page"}],"author":[{"embeddable":true,"href":"https:\/\/naturales.ues.edu.sv\/proyeccionsocial\/wp-json\/wp\/v2\/users\/1"}],"replies":[{"embeddable":true,"href":"https:\/\/naturales.ues.edu.sv\/proyeccionsocial\/wp-json\/wp\/v2\/comments?post=1230"}],"version-history":[{"count":1,"href":"https:\/\/naturales.ues.edu.sv\/proyeccionsocial\/wp-json\/wp\/v2\/pages\/1230\/revisions"}],"predecessor-version":[{"id":1231,"href":"https:\/\/naturales.ues.edu.sv\/proyeccionsocial\/wp-json\/wp\/v2\/pages\/1230\/revisions\/1231"}],"wp:attachment":[{"href":"https:\/\/naturales.ues.edu.sv\/proyeccionsocial\/wp-json\/wp\/v2\/media?parent=1230"}],"curies":[{"name":"wp","href":"https:\/\/api.w.org\/{rel}","templated":true}]}}

<p><strong>La Unidad de Proyección Social es el ente académico-administrativo encargado de elaborar, coordinar, ejecutar, supervisar y dar seguimiento a los planes de trabajo, programas, proyectos y actividades que se desarrollen en el marco proyección social de la Facultad de Ciencias Naturales y Matemática en cumplimiento a la política y lineamientos de Proyección Social de la Universidad de El Salvador.</strong><br><br><strong>Además, establece lazos de cooperación y apoyo entre docentes, personal administrativo no docente y estudiantes para la realización de actividades de proyección social, así como también con Unidades o Laboratorios al interior de la Universidad o con Instituciones externas, principalmente para el desarrollo del Servicio Social de nuestros estudiantes</strong></p>



<p></p>

<p>La Unidad de Proyección Social es el ente académico-administrativo encargado de elaborar, coordinar, ejecutar, supervisar&#8230;</p>
